et l(d) = 5*d + 5. Let g(y) = m*l(y) + 3*p(y). What is g(4)?
-10
Let r(a) be the third derivative of -1/6*a**3 + 0 + 2*a**2 + 1/8*a**4 + 0*a. Let n be 0 + 2/2 + 2. What is r(n)?
8
Suppose -4*t = -5 - 23. Suppose t*z - 10*z = -21. Suppose c = 4 - z. Let y(d) = -d**3 - 2*d**2 + 4*d + 2. Calculate y(c).
-1
Let r(o) = 10*o**2 - 1. Let t(p) = -p**2 + 20*p + 22. Let b = 98 - 77. Let h be t(b). What is r(h)?
9
Let t be (10/2 - 6)*-8. Let s(c) = -c - 2. Calculate s(t).
-10
Let s = -26 - -29. Suppose -s = m - 5. Let a(y) = -y**3 + 4*y**2 - y - 2. Determine a(m).
4
Let t(y) be the third derivative of -y**4/6 - 4*y**3/3 + 43*y**2. What is t(-6)?
16
Suppose d - 3*x + 7*x - 4 = 0, 5*d = -2*x + 20. Let v(s) = s**2 - 4*s + 3*s - 1 - d*s**2 + 2*s**2. Give v(-3).
-7
Let g(u) = -25*u**2 - 1. Let n be (-2 - (-7)/2)*166/(-249). What is g(n)?
-26
Let b(v) = -4*v + 4*v + 4*v - 5*v. Let w be -2*(-5)/((-15)/(-6)). Give b(w).
-4
Let d(x) = x**3 - 3*x**2 - 3*x. Suppose -4*t + 30 = 2*t. Suppose 2*n - t*n - 45 = 0. Let k be n/25 + (-23)/(-5). Determine d(k).
4
Let o(f) = -1. Let j(p) = 2*p - 18. Let s(k) = j(k) - 6*o(k). Let n = 415 - 407. Give s(n).
4
Let d(l) = 1 + l - 14*l + 0. Let w = -261 + 263. Determine d(w).
-25
Let b(m) = -m**3 + 7*m**2 - 5*m - 2. Let i be -4*((-25)/(-5))/5. Let s(y) = -4*y - 10. Let o be s(i). Calculate b(o).
4
Let o = -348 + 353. Let p(a) = 2*a**2 - a - 1. Let y be p(-1). Suppose y*u + 15 = o. Let b(i) = i**2 + 7*i + 1. Give b(u).
-9
Let k(y) = -18*y**2 + 2*y - 1. Suppose -4 = 2*u - u. Let w(n) = 37*n**2 - 4*n + 2. Let h(a) = u*w(a) - 9*k(a). What is h(1)?
13
Let m(u) = -u**2 - 9*u + 2. Let z = -149 - -140. Calculate m(z).
2
Let v(p) be the first derivative of -7/2*p**2 - 8*p - 1/3*p**3 + 26. What is v(-6)?
-2
Let z = 2 - 1. Suppose 4*q = x + 7, -3*q + 4*x + 5 - 3 = 0. Let l(b) = 2*b**q - 25 - 33 - 2*b**3 + 57. Determine l(z).
-1
Let h(p) = -p**3 + 5*p**2 + 7*p - 3. Let x = 9 - 5. Let a(b) = -b**3 - 3*b - 1. Let u be a(-2). Suppose -x*t + 30 = 5*m, -2*m - 1 = t - u. Determine h(m).
3
Let f(b) be the first derivative of -b**3/3 + 7*b**2/2 - 4*b - 1149. Let c = -7 - -13. Calculate f(c).
2
Let d = -46 + 26. Let j = d - -26. Let m(g) = g**2 - 3*g - 7. Calculate m(j).
11
Let h(y) = -1 - 3*y**2 - 4*y + 2*y - 2*y**2. Let p = -4 - -36. Let v = 31 - p. Give h(v).
-4
Let u(s) = s**2 - 6*s - 1. Let l be u(6). Let h(v) = 17*v**2 - 1. Calculate h(l).
16
Suppose 5*z = 2*u + 20, 3*z - 7 - 5 = -u. Suppose q - d = -0*q - 6, -d + 1 = z*q. Let v = q - -1. Let m(n) = n + 12. Calculate m(v).
12
Suppose 20 = 2*t - 3*h + 2*h, -5*h = 4*t - 26. Let s = t - 11. Let w(y) = -y**3 - 2*y**2 + 2*y + 3. What is w(s)?
-1
Let d(y) = 38 - y - 12 - 21 - 16. Determine d(-4).
-7
Let i(o) = -o**2 + 7*o - 6. Let l = -85 - -20. Let c = -59 - l. Determine i(c).
0
Let v(t) be the second derivative of t**4/6 - t**3/2 + 85*t. Let p be (-2 + 3 + 3)/2. Give v(p).
2
Let o(t) = 3*t - 13. Let v(h) = h - 6. Let y(g) = 4*o(g) - 9*v(g). Let r = 10532 + -10535. Give y(r).
-7
Let b(g) = -g**3 + 2*g**2 + 3*g + 3. Let q(s) = -s**2 - 9*s + 13. Let u be q(-10). Let t be b(u). Let i(l) = t*l - l - 4*l. Give i(-3).
6
Let y(v) = 5 + 12*v - 25*v**2 + 21*v**2 + 5*v - 5*v. Let i(u) = 11*u**2 - 35*u - 14. Let l(w) = -6*i(w) - 17*y(w). Calculate l(-5).
19
Let k(j) = 7*j + 1. Let d = 18 - 15. Suppose -6*i = -d*i - 6. Suppose -2 - i = 4*n. Give k(n).
-6
Let o(c) = -14*c**3 + 23*c**2 + 9*c - 8. Let a(i) = -5*i**3 + 8*i**2 + 3*i - 3. Let l(q) = -17*a(q) + 6*o(q). Suppose -x - x = 3*n, -3 = -x. Determine l(n).
-3
Let d = -271 - -156. Let x = 121 + d. Let r(j) = -j**3 + 5*j**2 + 5*j + 8. Calculate r(x).
2
Let r(g) = -6*g + 4. Suppose 6 = -74*f + 76*f. Determine r(f).
-14
Let q be (-6)/(-4)*3*(-16)/(-36). Let z(i) = 16*i + q - 17*i - 10. Calculate z(-5).
-3
Let y(x) be the third derivative of x**6/120 - x**5/15 - x**4/12 - 2*x**3 + 2*x**2 - 43*x. Give y(5).
3
Let y(j) = 3*j**2 + j - 4. Let l(m) = -7*m**2 - m + 8. Let f = -20 + 23. Suppose -f*t = 3*v - 15, -4*t - v = -6 - 5. Let h(o) = t*l(o) + 5*y(o). What is h(-5)?
6
Let g(c) be the second derivative of -c**3/6 + 2*c**2 - 181*c. Calculate g(13).
-9
Suppose 0*y - 6 = -y. Let v(w) be the third derivative of w**4/12 - 3*w**3/2 - w**2 + 121*w. Determine v(y).
3
Let d(q) be the second derivative of -q**3/6 + q**2/2 - q. Let i be 11/22*(-8)/2 - 0. Give d(i).
3
Let s(d) = -4*d + 34*d**3 + 11*d**2 + 3*d - 13*d - 18 - 33*d**3. Let v be s(-12). Let t(b) = b**3 - 7*b**2 + 7*b - 3. Give t(v).
3
Let i(x) be the first derivative of 1/2*x**2 + 7*x + 11. What is i(-3)?
4
Let u(l) be the second derivative of -7*l**4/6 + l**2/2 - 17*l - 6. Give u(-1).
-13
Let c(r) = -3 - 8 - r + 3*r. Let v be c(7). Let p(w) = -w**2 + 2*w - 3. Determine p(v).
-6
Let t = 573 - 569. Let l(w) = w - 13. Give l(t).
-9
Let s(u) = -4*u - 40. Let p be s(-9). Let n(t) = -t**3 - 5*t**2 - 4*t + 8. Let z(k) = -2*k**3 - 10*k**2 - 7*k + 15. Let c(j) = -7*n(j) + 4*z(j). Calculate c(p).
-12
Let k be 3 + (-1 - 2) + 1. Let n(p) = k + 4*p - 3*p**2 - 5 + p**2. Let y(q) = 3*q**3 + 92*q**2 + 60*q + 3. Let r be y(-30). Give n(r).
-10
Let i(w) = -w - 19. Let g(d) = 21. Let s(v) = -4*g(v) - 3*i(v). Let j be s(8). Let z(l) = l + 0*l + 2*l + 1. Give z(j).
-8
Let l(g) = -g - 7. Suppose 0*y + 7*y = -4*y. Determine l(y).
-7
Let q(i) = 0*i + 2*i - 4 + 3*i. Let g = -1224 + 1217. Let z(u) = -9*u + 9. Let j(r) = g*q(r) - 4*z(r). Determine j(4).
-4
Let g(i) = -3*i + 5. Suppose 3 = r - 0*r, 2*d - 71 = 3*r. Suppose -12*u = -4*u - d. Determine g(u).
-10
Let j(d) = -2*d + 3*d - 13*d**3 - 1 + d**3 - 44*d**2 + 43*d**2. Let c(a) = -2*a**2 - 7*a + 16. Let x be c(-5). Calculate j(x).
-13
Let p be (2 + 36/(-30)*2)*10. Let b(x) = -2*x**2 - 7*x. What is b(p)?
-4
Let p(y) = y**3 + y**2 - y + 18. Let a be (1 + 7/(-2))*(-18)/15. Suppose 8*r = a*r + r. Determine p(r).
18
Let y(p) = -p**2 - 6*p - 2. Let v be 1 + -2 - (-1 - -3). Let b be 5*(v + (-11)/(-5)). Let t be (3/9)/(b/60). Give y(t).
3
Let i(k) = -6*k - 2. Let o be i(-1). Let d(r) = 2*r**2 + 14*r + o - 34*r - r**3 + 14*r - 8*r**2. Let a = 4 - 9. What is d(a)?
9
Let i(l) = -3*l. Let x(t) = -15*t**2 - 133*t + 22. Let r be x(-9). Determine i(r).
-12
Let a(z) = 14*z**2 - 7*z + 6. Let s(g) = -13*g**2 + 6*g - 5. Let h(i) = -5*a(i) - 6*s(i). Suppose 4*d = -0*d. Suppose d*n + 1 = n. What is h(n)?
7
Let b(p) be the second derivative of p**4/12 - 5*p**3/6 - p**2/2 + 9*p - 3. What is b(6)?
5
Let q(g) = -5*g**3 + 4*g**2 - 5*g + 9. Let x(z) = z**3 - 1. Let d(h) = q(h) + 6*x(h). Give d(-5).
3
Let b be (-2)/((-9)/((-72)/16)). Let p(s) = 3*s**3 - 2*s**2 - 3*s - 1. Calculate p(b).
-3
Let u(f) be the third derivative of -f**5/40 + f**4/12 - f**3/6 - f**2. Let v(c) be the first derivative of u(c). Let l be (0 - 2)*10/(5 + -15). Determine v(l).
-4
Let a(l) = -l - 2. Let i(r) = -r**2 - 9*r - 14. Suppose -v + 2*o = -0*v + 5, -v + 5*o - 2 = 0. Let y = v - 1. Let t be i(y). Determine a(t).
4
Suppose -7*q = -2*q - 5. Let c(r) = 5*r - 4*r - 11*r + q. Suppose -4*b - 4*u = -6*u, -10 = -4*b - 3*u. Determine c(b).
-9
Let m be ((-5)/(-4))/(4/16). Let r(l) be the third derivative of 0*l + 1/120*l**6 + 0 - 2*l**2 + 1/6*l**4 + 1/2*l**3 - 1/10*l**5. What is r(m)?
-2
Let q(g) = -g**3 - 2*g**2 - 6*g - 1. Let a be q(-2). Let j(m) = m**2 - 13*m + 16. Give j(a).
-6
Let j(b) = 8*b + 156*b**2 - 315*b**2 + 7 + 160*b**2. Let n = -17 + 8. What is j(n)?
16
Suppose -7 = -5*c - 2. Let n(g) = -1 + 5 - c + 2*g + 1. What is n(-3)?
-2
Let b(d) = 6*d**2 - 13*d + 4. Let i be b(2). Let v(m) = -m**2 + 3*m - 1. Give v(i).
1
Let d(x) be the second derivative of x**6/180 - 5*x**4/12 - 7*x. Let g(m) be the third derivative of d(m). Determine g(-1).
-4
Let s(b) be the second derivative of 7*b**3/2 + 27*b**2 - 16*b. Let w(n) = 4*n + 11. Let o(g) = 2*s(g) - 11*w(g). Calculate o(-10).
7
Let q(l) = 2*l - 6*l**2 - 3 + 4*l**2 + 0*l + 1. Let d be (-91)/(-5) - (-1)/(-5). Let o be (24/d)/((-2)/(-3)). Determine q(o).
-6
Let h = 10 - 10. Suppose -4*i - 2*k = 2*k - 20, 5*i = 3*k + 1. Let s(f) = i*f + 0*f - 3*f + 6. Give s(h).
6
Suppose 4 = -0*w + 2*w. Let t(o) = -2*o - 10 - 2*o**3 - 5 + 15 + 4*o**2. Let f be t(w). Let l(v) = v**3 + 5*v**2 + 7*v + 6. Calculate l(f).
-6
Let a = 6 - 10. Let n = 0 - -3. Let j(y) = y - n*y - y - 5*y**2 + 4*y**2. Give j(a).
-4
Let s(n